110111112 - 211011122?
-10021200011
In base 14, what is c26c9c + -2d?
c26c6d
In base 9, what is -21 + -11507213?
-11507234
In base 6, what is 142553221501 + 3?
142553221504
In base 5, what is -2 - -104422242332?
104422242330
In base 14, what is -8d9d8a - -2?
-8d9d88
In base 8, what is -20 - -401215?
401175
In base 8, what is 470330 + -57?
470251
In base 9, what is 7475 - -44127?
52613
In base 4, what is 1102322031231 + -2?
1102322031223
In base 9, what is -26412348 - 3?
-26412352
In base 11, what is 1342 - 5699?
-4357
In base 6, what is 145 + 123432?
124021
In base 15, what is 3ee2 - -3090?
7082
In base 14, what is 5 - -2c14970?
2c14975
In base 2, what is -1011001110101000010 - 111000?
-1011001110101111010
In base 6, what is -112042 - 202045?
-314131
In base 10, what is -47103 - -63?
-47040
In base 12, what is -65a0626 + 0?
-65a0626
In base 14, what is 22d2 + -a82?
1650
In base 7, what is -504433350 + -36?
-504433416
In base 15, what is ac + 75c09?
75cb6
In base 8, what is -11 + 30700462?
30700451
In base 15, what is 2eccbc - -2?
2eccbe
In base 2, what is 11101001000100 - -10010110111101?
110000000000001
In base 13, what is -3937 + 64b?
-32b9
In base 8, what is 157053066 + -1?
157053065
In base 6, what is 400351 + -515?
355432
In base 13, what is -231773 - 56?
-2317c9
In base 12, what is -3 + -5548a795?
-5548a798
In base 12, what is 17169b - 370?
17132b
In base 10, what is 799019494 - 2?
799019492
In base 9, what is -4 + 15808062?
15808057
In base 9, what is -10 - -8141707?
8141687
In base 16, what is -1d0 - -2da8?
2bd8
In base 3, what is -1201 + -20122102210210?
-20122102212111
In base 13, what is -b855 + -1c70?
-107c5
In base 16, what is -37 + 39573?
3953c
In base 9, what is -147037 - -44?
-146883
In base 9, what is -225700 - 4681?
-231481
In base 6, what is 0 - 130100243?
-130100243
In base 14, what is a5d + -11c0c?
-1118d
In base 11, what is -70 + 522a467?
522a3a7
In base 12, what is -174b340 - -8b?
-174b271
In base 13, what is c2a534 + c?
c2a543
In base 11, what is -117 + -2240a6?
-224212
In base 6, what is 22420231 - -221?
22420452
In base 3, what is -10101112210 + 10221?
-10101101212
In base 5, what is -1334112211 - -10?
-1334112201
In base 2, what is 10001001101001111100 - -1100?
10001001101010001000
In base 5, what is 403012334043 + 10?
403012334103
In base 12, what is 58 + 570a?
5766
In base 6, what is -3151002 - 32?
-3151034
In base 12, what is a6 + 1108a4?
11098a
In base 6, what is -1433 + 440025?
434152
In base 13, what is 3cb - 331202?
-330b04
In base 5, what is 12314 - 111442?
-44123
In base 10, what is 1 - 19641943?
-19641942
In base 16, what is 1642b8f + 19?
1642ba8
In base 11, what is -44368 - -100?
-44268
In base 11, what is 17a5a6 - 45?
17a561
In base 16, what is 582 - -1110?
1692
In base 3, what is -10 - -20212222110202?
20212222110122
In base 7, what is 16462121 + -154?
16461634
In base 9, what is 16022754 - -11?
16022765
In base 8, what is -226 + 261064?
260636
In base 16, what is 214163a7 + 5?
214163ac
In base 2, what is 101110001000101101111 + -111100?
101110001000100110011
In base 14, what is 40265 - -62?
402c7
In base 10, what is 64491145 - 6?
64491139
In base 3, what is 1002 - -121120002212000?
121120002220002
In base 7, what is 4011536303 - -1?
4011536304
In base 12, what is -42067a + -7a?
-420738
In base 2, what is -10101011110011010011011001101 + 1?
-10101011110011010011011001100
In base 12, what is 387 + b1442?
b1809
In base 6, what is -34 - -144255?
144221
In base 2, what is -1000111101010001000 + -1000001100?
-1000111110010010100
In base 4, what is 3 + 10313303231?
10313303300
In base 4, what is -2112 + -33131233?
-33200011
In base 15, what is -20ee - -48a?
-1b64
In base 4, what is -3033 - 202121013?
-202130112
In base 5, what is -31 - 104033243?
-104033324
In base 10, what is 60881 - -2990?
63871
In base 9, what is -3 - -26162021?
26162017
In base 16, what is -3a39 - -9a76?
603d
In base 13, what is -7 - -67145c?
671455
In base 2, what is -10001011100111111111111010 - -11?
-10001011100111111111110111
In base 8, what is -1317760 - -173?
-1317565
In base 5, what is 211041043 + -3?
211041040
In base 7, what is -103162633313 + 1?
-103162633312
In base 9, what is 68173 - -14?
68187
In base 10, what is -3931131 + -8?
-3931139
In base 12, what is 83767 + -97a?
829a9
In base 11, what is 4 - -3976905?
3976909
In base 15, what is 13a41 - 432?
1360e
In base 6, what is -243024222 - -111?
-243024111
In base 7, what is 15445104 - 166?
15444605
In base 15, what is 95 - -63e3c?
63ed2
In base 7, what is -1234214402 + 1?
-1234214401
In base 2, what is 1110 + -1001100101000010001110?
-1001100101000010000000
In base 16, what is -48d7 + 32cf?
-1608
In base 8, what is 7 + -70007304?
-70007275
In base 7, what is -25 + -326662332?
-326662360
In base 2, what is 10 - -10001001101011010111111101?
10001001101011010111111111
In base 9, what is 24188625 + -4?
24188621
In base 2, what is -110010111000100100011001000 - -100?
-110010111000100100011000100
In base 8, what is -3 + -11540631?
-11540634
In base 4, what is -3022230 - -232231?
-2123333
In base 14, what is -7a92 + 300?
-7792
In base 2, what is -11 - -111110110000001010111011?
111110110000001010111000
In base 12, what is -2 - 14482648?
-1448264a
In base 13, what is 156349297 - -1?
156349298
In base 5, what is -233 - 3022031?
-3022314
In base 4, what is -10 - 1310122200012?
-1310122200022
In base 13, what is 1a002a6 - 2?
1a002a4
In base 15, what is bc2e95 - -3?
bc2e98
In base 8, what is -2 - -33710054?
33710052
In base 4, what is -100210022 - 2230011?
-103100033
In base 10, what is 46 + 5172193?
5172239
In base 12, what is 1794a2b85 - 4?
1794a2b81
In base 13, what is -6ac96c - 5?
-6ac974
In base 5, what is 22424441 - 30?
22424411
In base 4, what is -12231 - 1110332?
-1123223
In base 4, what is -20130302213 + 220?
-20130301333
In base 2, what is 111011101110 + -1010000000100?
-10100010110
In base 12, what is -24051a6 + 3?
-24051a3
In base 4, what is -10300 + 1122031030?
1122020130
In base 4, what is -323210333130 - 113?
-323210333303
In base 11, what is -1818 + -767?
-2484
In base 15, what is 3 - -d43818?
d4381b
In base 9, what is 2 + -430217573?
-430217571
In base 15, what is -786 - -42326?
41a90
In base 2, what is 110001000001010 + -10100001110111?
11100110010011
In base 15, what is 52bdad - 22?
52bd8b
In base 13, what is 50449 - -3b9?
50835
In base 15, what is -4d + 77216?
771b8
In base 12, what is -15842b3 + a?
-15842a5
In base 3, what is -1222222 - 121212122000?
-121221121222
In base 13, what is -738a - -274?
-7116
In base 15, what is 1505c65a + 0?
1505c65a
In base 8, what is 2 + 413012342?
413012344
In base 11, what is 161 - 22288?
-22127
In base 8, what is 57014 + -7355?
47437
In base 3, what is 110011120022200 + 2?
110011120022202
In base 12, what is 18165 + -168?
17bb9
In base 3, what is 12122121102222211 - -1?
12122121102222212
In base 2, what is -10101101011001101110100 - -100?
-10101101011001101110000
In base 9, what is 3 - -1405865?
1405868
In base 11, what is 2 + 5782145?
5782147
In base 8, what is 665 + 52161?
53046
In base 10, what is -131564 + 1234?
-130330
In base 6, what is -213223 - -4252?
-204531
In base 9, what is 0 + 10204523?
10204523
In base 6, what is -5 - -1003415233?
1003415224
In base 6, what is 2245405 + 11122?
2300531
In base 9, what is -18152 - 20700?
-38852
In base 2, what is 110111101000000 + -100011?
110111100011101
In base 10, what is -10072 + 919?
-9153
In base 7, what is -36203524 - 4?
-36203531
In base 15, what is -66c5d5 + -1d?
-66c603
In base 2, what is 10011101101110001 - 1001101011?
10011100100000110
In base 6, what is -204 - -10223435?
10223231
In base 3, what is 1102022121010102000 - 10?
1102022121010101220
In base 13, what is 7c0b - c18?
6cc3
In base 5, what is -1242220 - 212?
-1242432
In base 5, what is 112034413 + 30?
112034443
In base 8, what is 1 - -77214264?
77214265
In base 7, what is -23213 + -631?
-24144
In base 15, what is e4 - 8113?
-801e
In base 13, what is -2c979a8 - 39?
-2c97a14
In base 11, what is -27 - 3602?
-3629
In base 4, what is 0 + 10213002103?
10213002103
In base 9, what is -72517 + -301?
-72818
In base 5, what is -124433134 + 421?
-124432213
In base 6, what is -312 - 2212350?
-2213102
In base 10, what is -153374101